{"id":1344,"date":"2026-02-25T19:29:56","date_gmt":"2026-02-25T19:29:56","guid":{"rendered":"https:\/\/pomiary-elektryczne-warszawa.pl\/wordpress\/?page_id=1344"},"modified":"2026-04-28T08:24:21","modified_gmt":"2026-04-28T08:24:21","slug":"pomiary-elektryczne","status":"publish","type":"page","link":"https:\/\/pomiary-elektryczne-warszawa.pl\/wordpress\/pomiary-elektryczne\/","title":{"rendered":"Pomiary elektryczne"},"content":{"rendered":"\t\t<div data-elementor-type=\"wp-page\" data-elementor-id=\"1344\" class=\"elementor elementor-1344\">\n\t\t\t\t<div class=\"elementor-element elementor-element-e6c6348 e-flex e-con-boxed tmpcoder-jarallax-no tmpcoder-parallax-no tmpcoder-particle-no tmpcoder-sticky-section-no e-con e-parent\" data-id=\"e6c6348\" data-element_type=\"container\" data-e-type=\"container\">\n\t\t\t\t\t<div class=\"e-con-inner\">\n\t\t\t\t<div class=\"elementor-element elementor-element-7be4a88 animated-fast elementor-invisible elementor-widget elementor-widget-heading\" data-id=\"7be4a88\" data-element_type=\"widget\" data-e-type=\"widget\" data-settings=\"{&quot;_animation&quot;:&quot;fadeInRight&quot;,&quot;_animation_delay&quot;:500}\" data-widget_type=\"heading.default\">\n\t\t\t\t<div class=\"elementor-widget-container\">\n\t\t\t\t\t<h2 class=\"elementor-heading-title elementor-size-default\">OKRESOWE BADANIA I POMIARY ELEKTRYCZNE<\/h2>\t\t\t\t<\/div>\n\t\t\t\t<\/div>\n\t\t\t\t<div class=\"elementor-element elementor-element-d042145 animated-fast elementor-invisible elementor-widget elementor-widget-heading\" data-id=\"d042145\" data-element_type=\"widget\" data-e-type=\"widget\" data-settings=\"{&quot;_animation&quot;:&quot;fadeInRight&quot;,&quot;_animation_delay&quot;:1500}\" data-widget_type=\"heading.default\">\n\t\t\t\t<div class=\"elementor-widget-container\">\n\t\t\t\t\t<h2 class=\"elementor-heading-title elementor-size-default\">Dlaczego je wykonyjemy?<\/h2>\t\t\t\t<\/div>\n\t\t\t\t<\/div>\n\t\t\t\t\t<\/div>\n\t\t\t\t<\/div>\n\t\t<div class=\"elementor-element elementor-element-a795c7f e-flex e-con-boxed tmpcoder-jarallax-no tmpcoder-parallax-no tmpcoder-particle-no tmpcoder-sticky-section-no elementor-invisible e-con e-parent\" data-id=\"a795c7f\" data-element_type=\"container\" data-e-type=\"container\" data-settings=\"{&quot;animation&quot;:&quot;fadeInUp&quot;,&quot;animation_delay&quot;:2500,&quot;animation_mobile&quot;:&quot;fadeInUp&quot;}\">\n\t\t\t\t\t<div class=\"e-con-inner\">\n\t\t\t\t<div class=\"elementor-element elementor-element-02c11e6 elementor-widget__width-auto elementor-widget elementor-widget-text-editor\" data-id=\"02c11e6\" data-element_type=\"widget\" data-e-type=\"widget\" data-widget_type=\"text-editor.default\">\n\t\t\t\t<div class=\"elementor-widget-container\">\n\t\t\t\t\t\t\t\t\t<p>Regularne badania instalacji elektrycznych to nie tylko obowi\u0105zek wynikaj\u0105cy z przepis\u00f3w prawa, ale przede wszystkim <strong>kluczowy element zapewnienia bezpiecze\u0144stwa w budynkach mieszkalnych, przemys\u0142owych i u\u017cyteczno\u015bci publicznej<\/strong>.<\/p><p>Na stronie om\u00f3wimy to, jakie pomiary elektryczne co 5 lat nale\u017cy przeprowadza\u0107, dlaczego s\u0105 one tak istotne, oraz jakie kwalifikacje s\u0105 niezb\u0119dne do ich wykonywania.<\/p>\t\t\t\t\t\t\t\t<\/div>\n\t\t\t\t<\/div>\n\t\t\t\t<div class=\"elementor-element elementor-element-dc1ff06 elementor-widget elementor-widget-text-editor\" data-id=\"dc1ff06\" data-element_type=\"widget\" data-e-type=\"widget\" data-widget_type=\"text-editor.default\">\n\t\t\t\t<div class=\"elementor-widget-container\">\n\t\t\t\t\t\t\t\t\t<p><strong>Dlaczego wykonuje si\u0119 pomiary elektryczne co 5 lat?<\/strong><\/p><p>Zgodnie z obowi\u0105zuj\u0105cymi przepisami, pomiary okresowe instalacji elektrycznych powinny by\u0107 realizowane w okre\u015blonych odst\u0119pach czasowych, aby <strong>sprawdzi\u0107 stan techniczny instalacji i jej zgodno\u015b\u0107 z normami<\/strong>. W budynkach mieszkalnych oraz wi\u0119kszo\u015bci obiekt\u00f3w u\u017cyteczno\u015bci publicznej czasookresy pomiar\u00f3w elektrycznych wynosz\u0105 w\u0142a\u015bnie 5 lat.<\/p><p>Wynika to z konieczno\u015bci <strong>zapewnienia bezpiecze\u0144stwa u\u017cytkownik\u00f3w oraz ochrony przed ryzykiem po\u017car\u00f3w<\/strong>, kt\u00f3re mog\u0105 by\u0107 spowodowane uszkodzon\u0105 instalacj\u0105. Regularne badanie instalacji elektrycznej pozwala tak\u017ce na wczesne wykrycie potencjalnych usterek i unikni\u0119cie kosztownych awarii.<\/p>\t\t\t\t\t\t\t\t<\/div>\n\t\t\t\t<\/div>\n\t\t\t\t<div class=\"elementor-element elementor-element-53c5284 elementor-widget__width-auto elementor-widget elementor-widget-text-editor\" data-id=\"53c5284\" data-element_type=\"widget\" data-e-type=\"widget\" data-widget_type=\"text-editor.default\">\n\t\t\t\t<div class=\"elementor-widget-container\">\n\t\t\t\t\t\t\t\t\t<p><strong>Jakie pomiary elektryczne nale\u017cy wykonywa\u0107?<\/strong><\/p><p>Podczas pi\u0119cioletnich kontroli przeprowadza si\u0119 r\u00f3\u017cne pomiary instalacji elektrycznych, w tym:<\/p><ol><li><a href=\"https:\/\/pomiary-elektryczne-warszawa.pl\/pomiary-izolacji\/\"><strong>Pomiary rezystancji izolacji<\/strong><\/a> \u2013 maj\u0105 na celu sprawdzenie, czy przewody s\u0105 prawid\u0142owo izolowane.<\/li><li><a href=\"https:\/\/pomiary-elektryczne-warszawa.pl\/pomiary-izolacji\/\"><strong>Pomiary skuteczno\u015bci ochrony przeciwpora\u017ceniowej<\/strong> <\/a>\u2013 weryfikacja, czy urz\u0105dzenia ochronne dzia\u0142aj\u0105 poprawnie w razie awarii.<\/li><li><a href=\"https:\/\/pomiary-elektryczne-warszawa.pl\/pomiar-impedancji-petli-zwarcia\/\"><strong>Pomiary impedancji p\u0119tli zwarcia<\/strong><\/a> \u2013 pozwalaj\u0105 okre\u015bli\u0107, czy instalacja jest zdolna skutecznie wy\u0142\u0105czy\u0107 zasilanie w przypadku zwarcia.<\/li><li><a href=\"https:\/\/pomiary-elektryczne-warszawa.pl\/pomiar-rcd\/\"><strong>Pomiary wy\u0142\u0105cznik\u00f3w r\u00f3\u017cnicowopr\u0105dowych<\/strong><\/a> \u2013 kluczowe dla ochrony przed pora\u017ceniem pr\u0105dem.<\/li><li><strong>Sprawdzenie ci\u0105g\u0142o\u015bci przewod\u00f3w ochronnych i wyr\u00f3wnawczych<\/strong> \u2013 gwarantuje w\u0142a\u015bciwe po\u0142\u0105czenia w instalacji.<\/li><\/ol><p>Dzi\u0119ki regularnym pomiarom okresowym instalacji elektrycznej mo\u017cemy mie\u0107 pewno\u015b\u0107, \u017ce system dzia\u0142a bezpiecznie i zgodnie z obowi\u0105zuj\u0105cymi normami.<\/p>\t\t\t\t\t\t\t\t<\/div>\n\t\t\t\t<\/div>\n\t\t\t\t<div class=\"elementor-element elementor-element-666aa9e elementor-widget elementor-widget-text-editor\" data-id=\"666aa9e\" data-element_type=\"widget\" data-e-type=\"widget\" data-widget_type=\"text-editor.default\">\n\t\t\t\t<div class=\"elementor-widget-container\">\n\t\t\t\t\t\t\t\t\t<p><strong>Czasookresy pomiar\u00f3w elektrycznych w r\u00f3\u017cnych budynkach<\/strong><\/p><p>Chocia\u017c pi\u0119cioletni okres mi\u0119dzy badaniami instalacji elektrycznej jest standardem, w niekt\u00f3rych obiektach konieczne s\u0105 cz\u0119stsze kontrole:<\/p><ul><li>W miejscach szczeg\u00f3lnie nara\u017conych na <strong>dzia\u0142anie wilgoci, wysokich temperatur lub substancji korozyjnych<\/strong>, zaleca si\u0119 wykonywanie pomiar\u00f3w nawet co 1 rok.<\/li><li>W budynkach mieszkalnych, biurowych i szko\u0142ach wystarczy co 5 lat.<\/li><\/ul><p>Wi\u0119cej informacji na temat wymaga\u0144 w zakresie bada\u0144 znajdziesz w rozporz\u0105dzeniach dotycz\u0105cych eksploatacji urz\u0105dze\u0144 elektrycznych.<\/p>\t\t\t\t\t\t\t\t<\/div>\n\t\t\t\t<\/div>\n\t\t\t\t<div class=\"elementor-element elementor-element-f697567 elementor-widget elementor-widget-text-editor\" data-id=\"f697567\" data-element_type=\"widget\" data-e-type=\"widget\" data-widget_type=\"text-editor.default\">\n\t\t\t\t<div class=\"elementor-widget-container\">\n\t\t\t\t\t\t\t\t\t<p><strong>Kto mo\u017ce przeprowadza\u0107 badanie instalacji elektrycznej?<\/strong><\/p><p>Do wykonywania pomiar\u00f3w wymagane s\u0105 odpowiednie uprawnienia energetyczne. Osoby zajmuj\u0105ce si\u0119 przegl\u0105dami instalacji musz\u0105 posiada\u0107 certyfikaty, kt\u00f3re mo\u017cna zyska\u0107 na kursach\u00a0SEP 1kV. <\/p>\t\t\t\t\t\t\t\t<\/div>\n\t\t\t\t<\/div>\n\t\t\t\t\t<\/div>\n\t\t\t\t<\/div>\n\t\t\t\t<\/div>\n\t\t","protected":false},"excerpt":{"rendered":"<p>OKRESOWE BADANIA I POMIARY ELEKTRYCZNE Dlaczego je wykonyjemy? Regularne badania instalacji elektrycznych to nie tylko obowi\u0105zek wynikaj\u0105cy z przepis\u00f3w prawa, [&hellip;]<\/p>\n","protected":false},"author":1,"featured_media":0,"parent":0,"menu_order":0,"comment_status":"closed","ping_status":"closed","template":"","meta":{"tpgb_global_settings":"","site-sidebar-layout":"no-sidebar","site-content-layout":"","ast-site-content-layout":"full-width-container","site-content-style":"default","site-sidebar-style":"default","ast-global-header-display":"","ast-banner-title-visibility":"","ast-main-header-display":"","ast-hfb-above-header-display":"","ast-hfb-below-header-display":"","ast-hfb-mobile-header-display":"","site-post-title":"disabled","ast-breadcrumbs-content":"","ast-featured-img":"disabled","footer-sml-layout":"","ast-disable-related-posts":"","theme-transparent-header-meta":"","adv-header-id-meta":"","stick-header-meta":"","header-above-stick-meta":"","header-main-stick-meta":"","header-below-stick-meta":"","astra-migrate-meta-layouts":"default","ast-page-background-enabled":"default","ast-page-background-meta":{"desktop":{"background-color":"var(--ast-global-color-4)","background-image":"","background-repeat":"repeat","background-position":"center center","background-size":"auto","background-attachment":"scroll","background-type":"","background-media":"","overlay-type":"","overlay-color":"","overlay-opacity":"","overlay-gradient":""},"tablet":{"background-color":"","background-image":"","background-repeat":"repeat","background-position":"center center","background-size":"auto","background-attachment":"scroll","background-type":"","background-media":"","overlay-type":"","overlay-color":"","overlay-opacity":"","overlay-gradient":""},"mobile":{"background-color":"","background-image":"","background-repeat":"repeat","background-position":"center center","background-size":"auto","background-attachment":"scroll","background-type":"","background-media":"","overlay-type":"","overlay-color":"","overlay-opacity":"","overlay-gradient":""}},"ast-content-background-meta":{"desktop":{"background-color":"var(--ast-global-color-5)","background-image":"","background-repeat":"repeat","background-position":"center center","background-size":"auto","background-attachment":"scroll","background-type":"","background-media":"","overlay-type":"","overlay-color":"","overlay-opacity":"","overlay-gradient":""},"tablet":{"background-color":"var(--ast-global-color-5)","background-image":"","background-repeat":"repeat","background-position":"center center","background-size":"auto","background-attachment":"scroll","background-type":"","background-media":"","overlay-type":"","overlay-color":"","overlay-opacity":"","overlay-gradient":""},"mobile":{"background-color":"var(--ast-global-color-5)","background-image":"","background-repeat":"repeat","background-position":"center center","background-size":"auto","background-attachment":"scroll","background-type":"","background-media":"","overlay-type":"","overlay-color":"","overlay-opacity":"","overlay-gradient":""}},"footnotes":""},"class_list":["post-1344","page","type-page","status-publish","hentry"],"yoast_head":"<!-- This site is optimized with the Yoast SEO plugin v27.4 - https:\/\/yoast.com\/product\/yoast-seo-wordpress\/ -->\n<title>BADANIA I POMIARY ELEKTRYCZNE 516 029 188<\/title>\n<meta name=\"description\" content=\"Profesjonalne pomiary instalacji zgodne z normami wykonywane przez fachowc\u00f3w z uprawnieniami. Um\u00f3w termin ju\u017c dzi\u015b!\" \/>\n<meta name=\"robots\" content=\"index, follow, max-snippet:-1, max-image-preview:large, max-video-preview:-1\" \/>\n<link rel=\"canonical\" href=\"https:\/\/pomiary-elektryczne-warszawa.pl\/wordpress\/pomiary-elektryczne\/\" \/>\n<meta property=\"og:locale\" content=\"pl_PL\" \/>\n<meta property=\"og:type\" content=\"article\" \/>\n<meta property=\"og:title\" content=\"Profesjonalne pomiary instalacji elektrycznej w Warszawie i okolicach\" \/>\n<meta property=\"og:description\" content=\"Profesjonalne pomiary instalacji zgodne z normami wykonywane przez fachowc\u00f3w z uprawnieniami. Um\u00f3w termin ju\u017c dzi\u015b! TEL 516 029 188\" \/>\n<meta property=\"og:url\" content=\"https:\/\/pomiary-elektryczne-warszawa.pl\/wordpress\/pomiary-elektryczne\/\" \/>\n<meta property=\"og:site_name\" content=\"BADANIA I POMIARY ELEKTRYCZNE\" \/>\n<meta property=\"article:publisher\" content=\"https:\/\/www.facebook.com\/pomiary.elektryczne.warszawa\" \/>\n<meta property=\"article:modified_time\" content=\"2026-04-28T08:24:21+00:00\" \/>\n<meta property=\"og:image\" content=\"https:\/\/pomiary-elektryczne-warszawa.pl\/wordpress\/wp-content\/uploads\/2026\/04\/Pomiary-elektryczne-warszawa-Marki-Zabki-www.pomiary-elektryczne-warszawa.pl_.jpg\" \/>\n\t<meta property=\"og:image:width\" content=\"1526\" \/>\n\t<meta property=\"og:image:height\" content=\"1030\" \/>\n\t<meta property=\"og:image:type\" content=\"image\/jpeg\" \/>\n<meta name=\"twitter:card\" content=\"summary_large_image\" \/>\n<meta name=\"twitter:label1\" content=\"Szacowany czas czytania\" \/>\n\t<meta name=\"twitter:data1\" content=\"2 minuty\" \/>\n<script type=\"application\/ld+json\" class=\"yoast-schema-graph\">{\"@context\":\"https:\\\/\\\/schema.org\",\"@graph\":[{\"@type\":\"WebPage\",\"@id\":\"https:\\\/\\\/pomiary-elektryczne-warszawa.pl\\\/wordpress\\\/pomiary-elektryczne\\\/\",\"url\":\"https:\\\/\\\/pomiary-elektryczne-warszawa.pl\\\/wordpress\\\/pomiary-elektryczne\\\/\",\"name\":\"BADANIA I POMIARY ELEKTRYCZNE 516 029 188\",\"isPartOf\":{\"@id\":\"http:\\\/\\\/pomiary-elektryczne-warszawa.pl\\\/wordpress\\\/#website\"},\"datePublished\":\"2026-02-25T19:29:56+00:00\",\"dateModified\":\"2026-04-28T08:24:21+00:00\",\"description\":\"Profesjonalne pomiary instalacji zgodne z normami wykonywane przez fachowc\u00f3w z uprawnieniami. Um\u00f3w termin ju\u017c dzi\u015b!\",\"breadcrumb\":{\"@id\":\"https:\\\/\\\/pomiary-elektryczne-warszawa.pl\\\/wordpress\\\/pomiary-elektryczne\\\/#breadcrumb\"},\"inLanguage\":\"pl-PL\",\"potentialAction\":[{\"@type\":\"ReadAction\",\"target\":[\"https:\\\/\\\/pomiary-elektryczne-warszawa.pl\\\/wordpress\\\/pomiary-elektryczne\\\/\"]}]},{\"@type\":\"BreadcrumbList\",\"@id\":\"https:\\\/\\\/pomiary-elektryczne-warszawa.pl\\\/wordpress\\\/pomiary-elektryczne\\\/#breadcrumb\",\"itemListElement\":[{\"@type\":\"ListItem\",\"position\":1,\"name\":\"Strona g\u0142\u00f3wna\",\"item\":\"https:\\\/\\\/pomiary-elektryczne-warszawa.pl\\\/wordpress\\\/\"},{\"@type\":\"ListItem\",\"position\":2,\"name\":\"Pomiary elektryczne\"}]},{\"@type\":\"WebSite\",\"@id\":\"http:\\\/\\\/pomiary-elektryczne-warszawa.pl\\\/wordpress\\\/#website\",\"url\":\"http:\\\/\\\/pomiary-elektryczne-warszawa.pl\\\/wordpress\\\/\",\"name\":\"POMIARY ELEKTRYCZNE KOMPLEKSOWO WARSZAWA I OKOLICE\",\"description\":\"POMIARY W WARSZAWIE I OKOLICY\",\"publisher\":{\"@id\":\"http:\\\/\\\/pomiary-elektryczne-warszawa.pl\\\/wordpress\\\/#organization\"},\"potentialAction\":[{\"@type\":\"SearchAction\",\"target\":{\"@type\":\"EntryPoint\",\"urlTemplate\":\"http:\\\/\\\/pomiary-elektryczne-warszawa.pl\\\/wordpress\\\/?s={search_term_string}\"},\"query-input\":{\"@type\":\"PropertyValueSpecification\",\"valueRequired\":true,\"valueName\":\"search_term_string\"}}],\"inLanguage\":\"pl-PL\"},{\"@type\":\"Organization\",\"@id\":\"http:\\\/\\\/pomiary-elektryczne-warszawa.pl\\\/wordpress\\\/#organization\",\"name\":\"US\u0141UGI ELEKTRYCZNE BART\u0141OMIEJ LITWIN\",\"url\":\"http:\\\/\\\/pomiary-elektryczne-warszawa.pl\\\/wordpress\\\/\",\"logo\":{\"@type\":\"ImageObject\",\"inLanguage\":\"pl-PL\",\"@id\":\"http:\\\/\\\/pomiary-elektryczne-warszawa.pl\\\/wordpress\\\/#\\\/schema\\\/logo\\\/image\\\/\",\"url\":\"https:\\\/\\\/pomiary-elektryczne-warszawa.pl\\\/wordpress\\\/wp-content\\\/uploads\\\/2024\\\/11\\\/kierownik-www.elektryk-bialoleka.pl_.jpg\",\"contentUrl\":\"https:\\\/\\\/pomiary-elektryczne-warszawa.pl\\\/wordpress\\\/wp-content\\\/uploads\\\/2024\\\/11\\\/kierownik-www.elektryk-bialoleka.pl_.jpg\",\"width\":400,\"height\":268,\"caption\":\"US\u0141UGI ELEKTRYCZNE BART\u0141OMIEJ LITWIN\"},\"image\":{\"@id\":\"http:\\\/\\\/pomiary-elektryczne-warszawa.pl\\\/wordpress\\\/#\\\/schema\\\/logo\\\/image\\\/\"},\"sameAs\":[\"https:\\\/\\\/www.facebook.com\\\/pomiary.elektryczne.warszawa\"]}]}<\/script>\n<!-- \/ Yoast SEO plugin. -->","yoast_head_json":{"title":"BADANIA I POMIARY ELEKTRYCZNE 516 029 188","description":"Profesjonalne pomiary instalacji zgodne z normami wykonywane przez fachowc\u00f3w z uprawnieniami. Um\u00f3w termin ju\u017c dzi\u015b!","robots":{"index":"index","follow":"follow","max-snippet":"max-snippet:-1","max-image-preview":"max-image-preview:large","max-video-preview":"max-video-preview:-1"},"canonical":"https:\/\/pomiary-elektryczne-warszawa.pl\/wordpress\/pomiary-elektryczne\/","og_locale":"pl_PL","og_type":"article","og_title":"Profesjonalne pomiary instalacji elektrycznej w Warszawie i okolicach","og_description":"Profesjonalne pomiary instalacji zgodne z normami wykonywane przez fachowc\u00f3w z uprawnieniami. Um\u00f3w termin ju\u017c dzi\u015b! TEL 516 029 188","og_url":"https:\/\/pomiary-elektryczne-warszawa.pl\/wordpress\/pomiary-elektryczne\/","og_site_name":"BADANIA I POMIARY ELEKTRYCZNE","article_publisher":"https:\/\/www.facebook.com\/pomiary.elektryczne.warszawa","article_modified_time":"2026-04-28T08:24:21+00:00","og_image":[{"width":1526,"height":1030,"url":"https:\/\/pomiary-elektryczne-warszawa.pl\/wordpress\/wp-content\/uploads\/2026\/04\/Pomiary-elektryczne-warszawa-Marki-Zabki-www.pomiary-elektryczne-warszawa.pl_.jpg","type":"image\/jpeg"}],"twitter_card":"summary_large_image","twitter_misc":{"Szacowany czas czytania":"2 minuty"},"schema":{"@context":"https:\/\/schema.org","@graph":[{"@type":"WebPage","@id":"https:\/\/pomiary-elektryczne-warszawa.pl\/wordpress\/pomiary-elektryczne\/","url":"https:\/\/pomiary-elektryczne-warszawa.pl\/wordpress\/pomiary-elektryczne\/","name":"BADANIA I POMIARY ELEKTRYCZNE 516 029 188","isPartOf":{"@id":"http:\/\/pomiary-elektryczne-warszawa.pl\/wordpress\/#website"},"datePublished":"2026-02-25T19:29:56+00:00","dateModified":"2026-04-28T08:24:21+00:00","description":"Profesjonalne pomiary instalacji zgodne z normami wykonywane przez fachowc\u00f3w z uprawnieniami. Um\u00f3w termin ju\u017c dzi\u015b!","breadcrumb":{"@id":"https:\/\/pomiary-elektryczne-warszawa.pl\/wordpress\/pomiary-elektryczne\/#breadcrumb"},"inLanguage":"pl-PL","potentialAction":[{"@type":"ReadAction","target":["https:\/\/pomiary-elektryczne-warszawa.pl\/wordpress\/pomiary-elektryczne\/"]}]},{"@type":"BreadcrumbList","@id":"https:\/\/pomiary-elektryczne-warszawa.pl\/wordpress\/pomiary-elektryczne\/#breadcrumb","itemListElement":[{"@type":"ListItem","position":1,"name":"Strona g\u0142\u00f3wna","item":"https:\/\/pomiary-elektryczne-warszawa.pl\/wordpress\/"},{"@type":"ListItem","position":2,"name":"Pomiary elektryczne"}]},{"@type":"WebSite","@id":"http:\/\/pomiary-elektryczne-warszawa.pl\/wordpress\/#website","url":"http:\/\/pomiary-elektryczne-warszawa.pl\/wordpress\/","name":"POMIARY ELEKTRYCZNE KOMPLEKSOWO WARSZAWA I OKOLICE","description":"POMIARY W WARSZAWIE I OKOLICY","publisher":{"@id":"http:\/\/pomiary-elektryczne-warszawa.pl\/wordpress\/#organization"},"potentialAction":[{"@type":"SearchAction","target":{"@type":"EntryPoint","urlTemplate":"http:\/\/pomiary-elektryczne-warszawa.pl\/wordpress\/?s={search_term_string}"},"query-input":{"@type":"PropertyValueSpecification","valueRequired":true,"valueName":"search_term_string"}}],"inLanguage":"pl-PL"},{"@type":"Organization","@id":"http:\/\/pomiary-elektryczne-warszawa.pl\/wordpress\/#organization","name":"US\u0141UGI ELEKTRYCZNE BART\u0141OMIEJ LITWIN","url":"http:\/\/pomiary-elektryczne-warszawa.pl\/wordpress\/","logo":{"@type":"ImageObject","inLanguage":"pl-PL","@id":"http:\/\/pomiary-elektryczne-warszawa.pl\/wordpress\/#\/schema\/logo\/image\/","url":"https:\/\/pomiary-elektryczne-warszawa.pl\/wordpress\/wp-content\/uploads\/2024\/11\/kierownik-www.elektryk-bialoleka.pl_.jpg","contentUrl":"https:\/\/pomiary-elektryczne-warszawa.pl\/wordpress\/wp-content\/uploads\/2024\/11\/kierownik-www.elektryk-bialoleka.pl_.jpg","width":400,"height":268,"caption":"US\u0141UGI ELEKTRYCZNE BART\u0141OMIEJ LITWIN"},"image":{"@id":"http:\/\/pomiary-elektryczne-warszawa.pl\/wordpress\/#\/schema\/logo\/image\/"},"sameAs":["https:\/\/www.facebook.com\/pomiary.elektryczne.warszawa"]}]}},"tpgb_featured_images":null,"tpgb_post_meta_info":{"get_date":"25 lutego, 2026","get_modified_date":"28 kwietnia, 2026","author_name":"pomiarye1","author_url":"https:\/\/pomiary-elektryczne-warszawa.pl\/wordpress\/blog\/author\/pomiarye1\/","author_email":"bartlomiej.litwin@wp.pl","author_website":"http:\/\/pomiary-elektryczne-warszawa.pl\/wordpress","author_description":"","author_facebook":"","author_twitter":"","author_instagram":"","author_role":["administrator"],"author_firstname":"","author_lastname":"","user_login":"pomiarye1","author_avatar":"<img alt='' src='https:\/\/secure.gravatar.com\/avatar\/22ed8b257b6e937fdf0de83f3814a2614843d1c45e713dd6889351d08a08c8a7?s=200&#038;d=mm&#038;r=g' srcset='https:\/\/secure.gravatar.com\/avatar\/22ed8b257b6e937fdf0de83f3814a2614843d1c45e713dd6889351d08a08c8a7?s=400&#038;d=mm&#038;r=g 2x' class='avatar avatar-200 photo' height='200' width='200' decoding='async'\/>","author_avatar_url":"https:\/\/secure.gravatar.com\/avatar\/22ed8b257b6e937fdf0de83f3814a2614843d1c45e713dd6889351d08a08c8a7?s=96&d=mm&r=g","comment_count":0,"post_likes":0,"post_views":0},"tpgb_post_category":[],"_links":{"self":[{"href":"https:\/\/pomiary-elektryczne-warszawa.pl\/wordpress\/wp-json\/wp\/v2\/pages\/1344","targetHints":{"allow":["GET"]}}],"collection":[{"href":"https:\/\/pomiary-elektryczne-warszawa.pl\/wordpress\/wp-json\/wp\/v2\/pages"}],"about":[{"href":"https:\/\/pomiary-elektryczne-warszawa.pl\/wordpress\/wp-json\/wp\/v2\/types\/page"}],"author":[{"embeddable":true,"href":"https:\/\/pomiary-elektryczne-warszawa.pl\/wordpress\/wp-json\/wp\/v2\/users\/1"}],"replies":[{"embeddable":true,"href":"https:\/\/pomiary-elektryczne-warszawa.pl\/wordpress\/wp-json\/wp\/v2\/comments?post=1344"}],"version-history":[{"count":82,"href":"https:\/\/pomiary-elektryczne-warszawa.pl\/wordpress\/wp-json\/wp\/v2\/pages\/1344\/revisions"}],"predecessor-version":[{"id":2391,"href":"https:\/\/pomiary-elektryczne-warszawa.pl\/wordpress\/wp-json\/wp\/v2\/pages\/1344\/revisions\/2391"}],"wp:attachment":[{"href":"https:\/\/pomiary-elektryczne-warszawa.pl\/wordpress\/wp-json\/wp\/v2\/media?parent=1344"}],"curies":[{"name":"wp","href":"https:\/\/api.w.org\/{rel}","templated":true}]}}